+ 59 = z, p = 5*z - z + 4*x. Is z a composite number?
False
Let w(t) = 7*t. Let b = 14 - 9. Suppose -4*p - 29 = -4*k - b, -5*k = -p - 18. Is w(k) prime?
False
Let h(u) = 73*u**2 - 11*u + 53. Is h(4) a prime number?
False
Suppose 5*x + 5*i = 3590, 1955 + 920 = 4*x + i. Is x a composite number?
False
Suppose 168 = -3*c + 750. Let r = c - 103. Is r composite?
True
Let g = 20 - 9. Let v(u) = -8*u - 8 + 5*u + 4*u**3 + g*u**2 - 4*u - 5*u**3. Is v(10) a prime number?
False
Suppose 0 = -2*v - 4*x + 1250, -1925 = -3*v - 0*v + 4*x. Is v a prime number?
False
Let m(v) = v**3 + 4*v**2 + 4*v + 3. Let c be m(-2). Suppose -4*s = -s - c. Suppose -37 = -2*d + s. Is d a prime number?
True
Suppose -4*d - 4*z - 5 = -3*d, -31 = -4*d + z. Is d a composite number?
False
Suppose 4*x = 5 + 3. Suppose -3*j - 25 = -2*n, 0*j = -4*n - x*j + 74. Is -1 - -1*2*n composite?
True
Suppose a + 2 = r, 4*r + 0*a - 10 = 2*a. Suppose -5*j = 25, -r*b + 2*j + 184 = -3*j. Is b a composite number?
False
Let g(d) = -18*d**3 + d**2 + d + 2. Suppose -o + 2 = -0*o. Let q be g(o). Is ((-21)/14)/(6/q) prime?
False
Let j(m) = 769*m**2 - 4*m - 1. Is j(2) a prime number?
True
Suppose 0 = -r - 4*o + 512 + 623, 3*o + 1100 = r. Is r composite?
True
Let a = -2418 - -4259. Is a a prime number?
False
Suppose 0 = 5*o - 0*o - 30. Suppose -2*i + 20 = 5*v, 3*i + o - 15 = 3*v. Suppose v*x - x - 85 = 0. Is x composite?
True
Let t(g) = -g**2 - g + 11. Let a be t(-10). Let u = -12 - a. Is u a composite number?
False
Let p(l) = -l**2 - 9*l - 9. Let k be p(-7). Suppose k*h - 115 = -f, 0*f = -5*f - 5*h + 575. Is f a prime number?
False
Let q(g) = g**2 + 6*g + 3. Let d be q(-4). Let y(x) = 4*x**2 + 7*x + 4. Is y(d) composite?
True
Suppose -7*o - 4 = -8*o. Suppose 2*y - 115 - o = -c, -c - 117 = -2*y. Is y prime?
True
Let i(w) = 3*w - 1. Let k be i(3). Suppose 4*j + j - 360 = -5*o, 0 = -4*j - k. Is o a composite number?
True
Suppose -4*j - j = -4210. Suppose 2*v - j = -4*q, -2*v + 1033 = 5*q - 6*v. Is q a prime number?
False
Let x = 26 - -10. Suppose 14 = 5*f - x. Is f a prime number?
False
Let z(u) = u**3 + 2*u**2 - u + 2. Let t be z(-2). Let o be ((-6)/t)/((-3)/4). Suppose 0 = o*j - 0*j - 46. Is j a composite number?
False
Let v be (9/6)/(2/(-12)). Let z(i) = -2*i - 11. Let j be z(v). Let q = 26 - j. Is q prime?
True
Suppose 0 = 2*j - 515 - 519. Is j composite?
True
Let k(g) = 6*g + 2 - 4 + 1. Let m be k(-1). Let w(q) = -5*q - 10. Is w(m) a prime number?
False
Let x = 440 - -93. Is x composite?
True
Let g = 51 - -6. Suppose -5*t + 5*v - g = -1537, 0 = -2*t - v + 589. Is t a prime number?
False
Let z be (-1 + 2)/((-7)/(-301)). Let k = z - -14. Is k prime?
False
Let m(u) = 17*u + 32. Is m(15) a prime number?
False
Suppose -6*q + 3*s = -2*q - 87, -q - 5*s = -39. Let c(v) = -11*v - 3. Let o be c(-2). Let g = q + o. Is g a composite number?
False
Suppose j = 5, -a + j - 65 = -5*a. Let r be -1*1*a/(-3). Suppose 3*l + 23 = 5*l - 3*w, 0 = -5*l - r*w + 120. Is l a composite number?
False
Let y be 1 - ((-3)/3)/(-1). Suppose j = -2*u + 4, y*u + 3*u + 46 = 5*j. Suppose 2*x - j = 0, 4*q + q = -2*x + 263. Is q a prime number?
False
Suppose -2*q - 3 = -z, 2*z + 3*q + 8 = -0. Is (-38 - z)/(-2 - -1) prime?
True
Is (-1*2)/(10 + -9) - -2709 composite?
False
Suppose 4*k - 5*r - 2392 = 0, k - 5*r = -2*k + 1799. Suppose -5*v = -152 - k. Is v a composite number?
False
Is 993/(-9)*15/(-5) a composite number?
False
Suppose 4*p - 1686 = -0*a - 2*a, 0 = 4*p. Suppose 5*n = 692 + a. Is n prime?
True
Let v(x) = -x**3 + 8*x**2 - 3*x + 9. Is v(7) composite?
False
Let l(n) = -n**3 - n**2 + n + 2. Let a be l(0). Is a - -2 - 51/(-3) composite?
True
Let g = 8 - 5. Suppose -g*c + 7*c - 4 = 0. Is (-6)/c*1/(-2) a composite number?
False
Let g = -61 - -31. Let z = g - -53. Suppose 4*r = 109 + z. Is r a prime number?
False
Let z(h) = -342*h - 33. Is z(-6) a composite number?
True
Let f be -1 + 6/(-3) - -90. Let t = f + 76. Is t prime?
True
Let b(o) = 76*o**2 - 5*o - 8. Is b(-3) a composite number?
False
Suppose s - 85 = 4*y, 0*y = 3*s + y - 229. Is s composite?
True
Is (-2)/(-9) - 10734/(-54) prime?
True
Let m(o) = 2*o**3 - 3*o**2 - 9. Let s be m(10). Suppose 117 = -2*i + s. Is i composite?
False
Suppose -4*c + 363 = -c. Is c prime?
False
Suppose 48 = -2*b + 982. Is b a composite number?
False
Suppose 1692 = 3*z - 99. Is z prime?
False
Let y(d) = -d - 10. Let i be y(-14). Suppose -i*c + 286 = 2*j, -5*c = -8*j + 3*j + 760. Is j composite?
False
Suppose -4*g + 12 = 5*t, -5*g + 5*t = -3 - 12. Suppose 6*z = g*z. Let w = z - -6. Is w a composite number?
True
Let f(t) = t - 8. Let i be f(7). Let j = 0 - i. Is (-1 + 2)*j*79 prime?
True
Is 40/14*1/2*7 prime?
False
Let m = 121 - -286. Is m a composite number?
True
Suppose -4*y + 3*v = -32, 2*y + 7*v = 4*v - 2. Let c(z) = -2 + 7 - 5*z + 1 - z**3 + 8*z**2 + 1. Is c(y) a composite number?
True
Is 235 - (-7)/((-28)/(-8)) composite?
True
Let o = -9 - -16. Let f(t) = -t**2 + 9 + o*t + 3*t**2 - 1 - 1. Is f(-8) a prime number?
True
Suppose -2*d + 100 = -34. Is d prime?
True
Suppose -4*z + 68 = 5*s, -3*z - z = 2*s - 68. Suppose 0 = 2*l + 7 - z. Suppose i + 56 = l*i. Is i a composite number?
True
Let h be ((-2)/1)/((-2)/128). Suppose -u - 4*o + 3 = -h, -5*o = -3*u + 376. Is u a prime number?
True
Let k = 6777 - 4046. Is k a prime number?
True
Let h(w) = 639*w - 4. Is h(1) prime?
False
Let z = 213 - 34. Is z a prime number?
True
Let x be 20/(-8)*(-8)/(-10). Let y = x - -11. Is y a composite number?
True
Let p(r) = r**3 + 12*r**2 - r + 11. Is p(-10) prime?
False
Suppose r + 0*r + 9 = 3*k, 4*k - 19 = -r. Suppose 0 = -2*p + 5*t + 274, -k*p - 65 = 4*t - 557. Is p a composite number?
False
Suppose -120 = 5*i + 70. Let a = 71 + i. Is a a prime number?
False
Let w = 530 - 237. Suppose -w = -l + 4*u, 2*l + 3*l + 4*u = 1513. Is l a prime number?
False
Suppose -3*l - w = -241, 5*l - 30 - 381 = -4*w. Is l a composite number?
False
Suppose -3*j = m - 8699, -j - 2*j + 8705 = 4*m. Is j prime?
False
Let b = 144 + 41. Is b prime?
False
Suppose -9*w + 2*k = -4*w - 851, 3*k = w - 165. Let o = w + -116. Is o prime?
False
Let s(i) = -i**3 + 3*i**2 - 4. Let o be s(3). Let a = -4 - o. Suppose 3*d + 5*k - 404 = -a*d, -4*k + 4 = 0. Is d composite?
True
Let k(j) = j**3 - 10*j**2 + 8*j + 13. Let s be k(9). Suppose s*f + 5 + 3 = 0. Is 79/(f - (3 - 6)) a composite number?
False
Is ((-3)/2)/(30/(-620)) a composite number?
False
Let f(j) = j - 7. Suppose -d = -2*i + 4*i - 23, -3*i = d - 34. Let b be f(i). Suppose -3*s = -2*s - 2*m - 1, 0 = -b*s + 5*m + 19. Is s prime?
True
Let g be (-2 + 0)/(2/3). Let l be g/((-7)/4 + 1). Is (2/3)/(l/318) a composite number?
False
Suppose 2*p + 0*p + 5 = s, 5*s = 5*p + 15. Suppose -z + 4*o = 4 + s, -3*z = -2*o - 5. Suppose 5*q - 645 = -5*f, z*q - 5*f = -4*f + 379. Is q composite?
False
Let p(h) = 4*h - 1. Let j be p(1). Let l be 4/(-10) + 184/10. Suppose y + j = l. Is y composite?
True
Suppose -805 = 16*q - 23*q. Is q a prime number?
False
Let t(g) = g**2 - 4*g + 3. Let n be t(3). Suppose n = -5*l + 5*b + 180, -l - 2*l + 2*b = -109. Is l composite?
False
Let c = -7 + 10. Suppose -4*h = c*n - 79, 4*h - 2*h + 13 = n. Is n a prime number?
False
Let a = 5 + -3. Let u be a + 1 + (2 - 1). Suppose u*x - 2*x - 38 = 0. Is x prime?
True
Let w(f) = 5*f**2 + 4*f + 13. Let j be -3 - 48/(-4) - 3. Is w(j) composite?
True
Let l be 41 + (0 - -2)/(-1). Let g be -2 + 5/(10/28). Let x = g + l. Is x composite?
True
Let f(q) = 51*q**2 + q - 1. Is f(2) a prime number?
False
Suppose d = -c, 2*c + 5 - 1 = -4*d. Suppose -10 = c*o - 4*o. Suppose o*r = 2*r + 99. Is r a composite number?
True
Let c(o) = o**3 - 8*o**2 + 12*o + 2. Suppose 4*h + z = 6*z + 51, -h + 4*z + 21 = 0. Is c(h) a prime number?
True
Suppose 2*n + 2*n = 0. Suppose -2*i = -n*i - 12. Is i prime?
False
Let z(v) = -v**3 - 7*v**2 - 5*v + 2. Suppose 2*x = 2*g - 18, 2*x - 4*x = -g + 16. Is z(x) composite?
False
Let c(t) = 2*t**2 - 3*t + 2. Let s be 0 - 0 - (-3 + 1). Let u be c(s). Suppose -50 = -2*z + u*d, 6 = 3*d - d. Is z prime?
True
Suppose 0 = 5*m - h - 213, 0*m - 5*m + 219 = -3*h. Let f = 5 + m. Is f a composite number?
False
Suppose 0*w = 2*w - 1146. Suppose w = 5*s + 123. Suppose -24 + s = 2*d. Is d a composite number?
True
Let k(b) be the second derivative of 2*b**4/3 - b